5*y + 8549, -g - 11*y + 6*y = -4312. What is the units digit of g?
7
Let u(j) = -j**3 + 14*j + 3. Let m be u(0). Suppose m*d = 7*w - 4*w - 2112, 5*w = 2*d + 3517. What is the tens digit of w?
0
Suppose -3*a + 486 = 6*a. Suppose -2*u + a + 22 = 0. What is the units digit of u?
8
Let i = -35289 - -51819. What is the tens digit of i?
3
Let q = 5465 - 3376. Let r = -540 + q. What is the units digit of r?
9
Let j = -1127 - -1593. Suppose j + 710 = 2*g. What is the hundreds digit of g?
5
Suppose -50*z = -74*z + 167616. What is the tens digit of z?
8
Let c = -837 - -870. Let y(p) = 69*p. Let s be y(1). Let z = s - c. What is the tens digit of z?
3
Let f(u) = -u**3 + 7*u**2 + 12*u - 11. Let c be f(8). Suppose 20*h - 25*h = -10. Suppose -2*n + 19 = -3*w, h*n - 2*w - c = 3*w. What is the units digit of n?
8
Let k be 7/(-21)*-21*1. Suppose 9034 = k*c + 1551. What is the units digit of c?
9
Let n = -19678 - -29939. What is the hundreds digit of n?
2
Let h(i) = 79*i + 36. Let t be h(-12). Let n = t - -1585. What is the hundreds digit of n?
6
Suppose -2*z - 16 = -2*q, 0 = -2*z - 4*q + 20 - 60. Let x be 2 - z - 3/(6/4). Suppose 0 = -x*i - 186 + 1026. What is the units digit of i?
0
Suppose 0 = 30*n - 67*n + 40*n - 69096. What is the thousands digit of n?
3
Let h be ((-18)/4)/(5 - 5027/1012). What is the hundreds digit of 4*h*(-5)/15?
1
Let b = -282 + -108. Let t = b - -624. Suppose 459 = 9*s - t. What is the units digit of s?
7
Let q(s) = s**3 - 3*s**2 - 3*s - 4. Let n be q(4). Suppose -10 = 2*o - 3*b, -5*o + n*o + 5*b = 20. Let a(f) = 35*f**2 - f. What is the units digit of a(o)?
2
Suppose 8 = 4*r + z, 2 = r - 4*z - z. Suppose 3*a + 6 = -0*a, -259 = -3*k + r*a. What is the units digit of k?
5
Suppose -4*m - 9 = -7*m. Suppose 2*a - 13 + m = 0. Suppose 0 = a*k - 76 - 109. What is the units digit of k?
7
Suppose 3*j - 122659 = 4*g + 51037, -g = -5*j + 289516. What is the thousands digit of j?
7
Let q(z) = -z**3 - 8*z**2 - 9*z - 10. Let u be q(-7). Suppose u*l + 2*n - 431 = n, 110 = l - 2*n. What is the units digit of l?
8
Let f(w) = 1794*w**2 + 100*w - 303. What is the hundreds digit of f(3)?
1
Let w be (-7)/((-28)/20)*1. Suppose -o = w, -5*l + 276 + 2309 = 3*o. What is the tens digit of l?
2
Let a(w) = 2*w**2 - 23*w - 22. Let o be 10/(3 - (-7)/(-3)). Let n be a(o). Let g = n + -64. What is the tens digit of g?
1
Let m = 0 - -12. Let b be -5 - -1 - 624/m. What is the tens digit of (b - -1)/5*-5?
5
Let z = -25 + 60. Let h be 1030/90 + (-12)/27. Suppose 0 = t - z + h. What is the units digit of t?
4
Suppose 5*l - 101269 = -y - 7, 2*l + 5*y = 40491. What is the thousands digit of l?
0
Let t = -3 - -5. Let s = 89 - t. What is the units digit of -4 + s + (-6)/(-2)?
6
Let y = -638 - -666. Suppose -4*s - 4*g + 556 = 0, y*s - 29*s + 151 = -3*g. What is the hundreds digit of s?
1
Let q(w) = -41*w - 52. Let c be q(-10). Suppose 4*v + c = 2098. Suppose 6*j - 225 = v. What is the units digit of j?
0
Suppose 2*j = 5*j - b - 26181, 8713 = j - 5*b. What is the tens digit of j?
2
Let f be ((-1)/(-2))/(9/(-36)) - 1284. Let a = f - -2213. What is the hundreds digit of a?
9
What is the hundreds digit of ((-12)/(-66) + 87/66)/((-39)/(-238888))?
1
Suppose 3*k - 7*c - 5464 = 22231, 5*k = 3*c + 46115. What is the units digit of k?
0
Let x(q) = 2*q**2 + 4*q - 13. Suppose 0 = 7*l - 3 - 81. What is the tens digit of x(l)?
2
Let p(l) = 3*l + 11 + 19*l - 5*l + 5*l**2 + 2*l. Let a be p(-6). Let t = -29 + a. What is the units digit of t?
8
Let w be (-1218)/8 + (-15)/20. Let a = 75 - w. Suppose -8*g = -6*g - a. What is the tens digit of g?
1
Suppose -12*b + 13*b - o = 3246, -4*o = 4*b - 12952. What is the units digit of b?
2
Let x(i) = 29*i - 158. Let j(u) = 21*u - 7. Let l be j(1). What is the tens digit of x(l)?
4
Let n = 691 + 14322. What is the units digit of n?
3
Let z be (-1)/(1/(-5)*1). Suppose -z*t - 4*n - 242 + 6 = 0, -3*t - 128 = -n. Let w = 80 + t. What is the tens digit of w?
3
Let d(q) = -703*q - 38. Let g(c) = c**2 + 8*c - 66. Let a be g(-13). What is the tens digit of d(a)?
6
Suppose -3*c + 28007 = 5*i - 47389, 0 = i - 4*c - 15070. What is the units digit of i?
8
Suppose 9*s - 6*r + 4356 = 11*s, 5*s + r = 10974. What is the hundreds digit of s?
1
Let n = 1892 - 377. What is the units digit of n?
5
Let h(b) = 7*b**2 - b - 4. Let d be h(1). Suppose d*x - 777 = -n + 313, -3*x + 5*n = -1622. What is the units digit of x?
4
Suppose 7*g + g - 3*g = 0. Let n(t) = -2*t**2 - 2*t + 5. Let j be n(g). What is the units digit of (-3)/j + 3504/15?
3
Suppose 52 = -16*a + 29*a. Suppose 0 = -3*v + a*m + 5848, -5*v + 2*m - 9790 = -10*v. What is the units digit of v?
6
Let a be (-2)/4 + 162/36. Suppose 0 = -4*v + 4*b + 36, 3*b = 3*v + 8*b - 3. What is the hundreds digit of (v/a)/((-12)/(-16)) - -123?
1
Suppose 0 = v + 51*p - 55*p - 6194, -8*v - 3*p = -49482. What is the tens digit of v?
8
Suppose 1138 = 2*t - 42. Suppose 594*g - t*g - 1252 = 0. What is the hundreds digit of g?
3
Suppose -4*m + 52 = -5*d, -3*m - d = -0*m - 39. Suppose 14*r = m*r + 521. Let o = r + -285. What is the units digit of o?
6
Let i(g) = 235*g + 481. Let x(q) = 117*q + 243. Let m(y) = 6*i(y) - 11*x(y). What is the hundreds digit of m(8)?
1
Suppose 4*q = 4*b - 108188, -b + 5033 = -5*q - 22002. What is the thousands digit of b?
7
Suppose 0 = -6*g - 4*g + 90. Suppose 196 = 2*i - l, -13*i - 5*l = -g*i - 420. What is the tens digit of i?
0
Let d be (-3)/9 + ((-346808)/21)/(-11). Let p = 2302 - d. What is the units digit of p?
1
Let j(d) = 22*d - 179. Let z be j(15). Suppose -3*t = -q + 381, 4*q + z - 1717 = -2*t. What is the tens digit of q?
9
Let z(x) = x**3 + 52*x**2 - 25*x + 144. What is the ten thousands digit of z(-39)?
2
Let v(t) = t**3 + 12*t**2 - 32*t - 239. What is the hundreds digit of v(20)?
9
Suppose 0 = -43*s + 269717 - 33346. What is the units digit of s?
7
Suppose r + 3*o - 108 = 0, 4*o - 2 = 2. Suppose -15*g = r - 4035. What is the tens digit of g?
6
Let s = 4 - 105. Suppose 190*j - 32286 = 32834 - 23700. Let m = j + s. What is the hundreds digit of m?
1
Let f be (-1 - 0)*(15 + -59). What is the tens digit of (957/f)/(3/20)?
4
Let o be (-1 + 3/9)*(-6)/(-2). Suppose 5*r + 15 = -0*r. What is the tens digit of (-58)/(-1)*r/o?
8
Let j(s) = 41733*s - 418. What is the thousands digit of j(1)?
1
What is the ten thousands digit of 4 + -2 - -22185 - (218 + -216)?
2
Let p(g) = 449*g**2 + g - 1. Let m be 969/(-855) - 2/(-15). What is the tens digit of p(m)?
4
Let x(v) = -v**2 + 3*v + 41. Let d be x(-17). Let i be (-2)/(-13) - 255599/d. What is the tens digit of (-1 + 16/(-6))/((-15)/i)?
0
Let f(b) = 684*b**2 - 15*b - 213. What is the units digit of f(-9)?
6
Let a(w) = -w**2 - 14*w - 3. Let m be a(-13). Suppose 0 = -m*c + 8*c + 96. What is the tens digit of c + (-2 - -5) + -2?
4
Let i be (-13 - -52)*16/(-3). Let o = -118 - i. What is the tens digit of o?
9
Let q be 16/(-20)*((-15)/(-6))/(-1). Suppose -1574 = -q*r + 4*j - 96, -3695 = -5*r + 4*j. What is the tens digit of r?
3
Suppose 5*g + 0*c - 9 = 2*c, -2*c = -g - 3. Suppose 4*r + 12 = 0, 45 = g*x - 6*r + r. What is the units digit of (-760)/(-6)*12/x?
2
Suppose 3433 = 3*n - 5*o, -3*n + 8*n - 5735 = 5*o. What is the units digit of (-3)/15 + n/15*3?
0
Let v be (9444/18)/(1/(-3)) - -3. Let r = 2632 + v. What is the hundreds digit of r?
0
Let m = 158 - 166. What is the tens digit of 1*229 + 10*m/(-80)?
3
Suppose 3*z - 4*t - 1 = 0, -z + 0 = 5*t + 6. Let c(p) = 0 + 1 - 29*p - 5. What is the tens digit of c(z)?
2
Suppose -j - c = 18, -5*c = 3*j + 36 + 26. Let v = 1128 + -52. What is the units digit of (-2)/j - v/(-14)?
7
Let j(v) = 346*v - 7. Let z be j(-1). Let b = -36 - z. What is the hundreds digit of b?
3
Let i(l) = 44*l**2 + 17*l + 8. Suppose -2*g = -30 + 38. What is the hundreds digit of i(g)?
6
Let m = 15254 + -6191. What is the thousands digit of m?
9
Suppose -12*c = -13*c + 2799. Suppose 11*o - c - 710 = 0. What is the hundreds digit of o?
3
What is the ten thousands digit of 530*(-5 - (-2499)/85)?
1
Let y(j) = -779*j + 3555. What is the ten thousands digit of y(-39)?
3
Let p be (2/4)/((-5)/10). Let t(v) = 25*v + 2. Let f be t(p). Let j = f + 101. What is the units digit of j?
8
Suppose -3*p + 17 = h, 2*h - p + 0 = -1. Suppose -5*g + 486 = h*o, 11*o + 738 = 14*o 